 thousands digit of 216281?
2
What is the tens digit of 195261?
6
What is the ten thousands digit of 12119237?
1
What is the millions digit of 4281016?
4
What is the millions digit of 1186430?
1
What is the hundreds digit of 9276792?
7
What is the hundred thousands digit of 1391436?
3
What is the millions digit of 3326361?
3
What is the thousands digit of 3888128?
8
What is the hundreds digit of 15357972?
9
What is the hundreds digit of 212368?
3
What is the hundreds digit of 2351242?
2
What is the units digit of 18422?
2
What is the thousands digit of 4021509?
1
What is the hundred thousands digit of 181336?
1
What is the millions digit of 4165845?
4
What is the thousands digit of 2917826?
7
What is the ten thousands digit of 1741868?
4
What is the units digit of 1042056?
6
What is the thousands digit of 153120?
3
What is the hundreds digit of 797782?
7
What is the millions digit of 10618458?
0
What is the units digit of 369237?
7
What is the hundred thousands digit of 168464?
1
What is the tens digit of 255130?
3
What is the tens digit of 490647?
4
What is the ten thousands digit of 137184?
3
What is the ten thousands digit of 16526651?
2
What is the millions digit of 3129721?
3
What is the ten thousands digit of 9391142?
9
What is the units digit of 478135?
5
What is the units digit of 415852?
2
What is the units digit of 350664?
4
What is the ten thousands digit of 5944981?
4
What is the hundreds digit of 9384183?
1
What is the hundreds digit of 1435393?
3
What is the tens digit of 115404?
0
What is the thousands digit of 22047183?
7
What is the hundreds digit of 113427?
4
What is the hundred thousands digit of 3868090?
8
What is the hundred thousands digit of 7853965?
8
What is the thousands digit of 96960?
6
What is the units digit of 1573341?
1
What is the ten thousands digit of 12473656?
7
What is the thousands digit of 2918?
2
What is the thousands digit of 253728?
3
What is the units digit of 5564057?
7
What is the tens digit of 994514?
1
What is the hundred thousands digit of 3107363?
1
What is the units digit of 17043145?
5
What is the millions digit of 2410887?
2
What is the ten thousands digit of 622265?
2
What is the millions digit of 1644631?
1
What is the hundreds digit of 111586?
5
What is the units digit of 21161?
1
What is the units digit of 98395?
5
What is the hundreds digit of 2076937?
9
What is the tens digit of 7101321?
2
What is the tens digit of 1132767?
6
What is the hundred thousands digit of 266407?
2
What is the ten thousands digit of 1801155?
0
What is the thousands digit of 46728?
6
What is the thousands digit of 176893?
6
What is the units digit of 3636947?
7
What is the thousands digit of 46598?
6
What is the hundred thousands digit of 261641?
2
What is the hundred thousands digit of 690711?
6
What is the hundred thousands digit of 1018705?
0
What is the ten thousands digit of 3771464?
7
What is the hundreds digit of 431173?
1
What is the units digit of 6997360?
0
What is the thousands digit of 150824?
0
What is the tens digit of 9724887?
8
What is the units digit of 2509943?
3
What is the hundreds digit of 2653231?
2
What is the millions digit of 20313891?
0
What is the tens digit of 94954?
5
What is the millions digit of 3531698?
3
What is the hundreds digit of 328453?
4
What is the ten thousands digit of 682842?
8
What is the hundreds digit of 8213883?
8
What is the hundred thousands digit of 17505352?
5
What is the ten thousands digit of 227534?
2
What is the ten thousands digit of 70096?
7
What is the hundreds digit of 206446?
4
What is the thousands digit of 1011990?
1
What is the hundred thousands digit of 274685?
2
What is the hundreds digit of 94254?
2
What is the ten thousands digit of 298820?
9
What is the units digit of 467352?
2
What is the thousands digit of 1004694?
4
What is the thousands digit of 300965?
0
What is the thousands digit of 15215629?
5
What is the hundred thousands digit of 3158368?
1
What is the hundred thousands digit of 219634?
2
What is the units digit of 52315?
5
What is the ten thousands digit of 210168?
1
What is the units digit of 194369?
9
What is the units digit of 237724?
4
What is the ten thousands digit of 1873373?
7
What is the hundred thousands digit of 100176?
1
What is the ten thousands digit of 19439484?
3
What is the tens digit of 357302?
0
What is the tens digit of 5620731?
3
What is the thousands digit of 642128?
2
What is the hundreds digit of 102002?
0
What is the units digit of 260922?
2
What is the units digit of 4690866?
6
What is the millions digit of 1220327?
1
What is the units digit of 56895?
5
What is the hundreds digit of 5571719?
7
What is the hundred thousands digit of 135247?
1
What is the hundred thousands digit of 6320667?
3
What is the hundred thousands digit of 404902?
4
What is the hundred thousands digit of 9859261?
8
What is the hundreds digit of 1618487?
4
What is the hundred thousands digit of 4079917?
0
What is the ten millions digit of 24441479?
2
What is the units digit of 1819841?
1
What is the ten thousands digit of 189843?
8
What is the millions digit of 23941552?
3
What is the millions digit of 8641965?
8
What is the units digit of 432928?
8
What is the hundreds digit of 19889850?
8
What is the tens digit of 4896559?
5
What is the ten millions digit of 11028177?
1
What is the hundreds digit of 1341895?
8
What is the thousands digit of 38950912?
0
What is the units digit of 6891526?
6
What is the thousands digit of 234139?
4
What is the hundreds digit of 111626?
6
What is the tens digit of 14268747?
4
What is the hundred thousands digit of 9770129?
7
What is the ten thousands digit of 898943?
9
What is the hundred thousands digit of 1249617?
2
What is the hundreds digit of 1685342?
3
What is the tens digit of 10411438?
3
What is the thousands digit of 259102?
9
What is the thousands digit of 454555?
4
What is the tens digit of 57872?
7
What is the tens digit of 1570087?
8
What is the hundreds digit of 1539486?
4
What is the thousands digit of 2060217?
0
What is the tens digit of 535421?
2
What is the thousands digit of 31525787?
5
What is the units digit of 1331217?
7
What is the thousands digit of 465535?
5
What is the units digit of 1076400?
0
What is the hundred thousands digit of 40160723?
1
What is the ten millions digit of 12607955?
1
What is the ten thousands digit of 4204168?
0
What is the hundred thousands digit of 519372?
5
What is the ten thousands digit of 2002760?
0
What is the units digit of 299559?
9
What is the hundreds digit of 2729143?
1
What is the thousands digit of 46283?
6
What is the ten millions digit of 20573063?
2
What is the tens digit of 192600?
0
What is the units digit of 785952?
2
What is the tens digit of 2456604?
0
What is the units digit of 54469?
9
What is the thousands digit of 7975478?
5
What is the thousands digit of 2185869?
5
What is the millions digit of 8014505?
8
What is the ten millions digit of 18645295?
1
What is the hundred thousands digit of 17974608?
9
What is the ten thousands digit of 386169?
8
What is the hundred thousands digit of 393307?
3
What is the ten thousands digit of 10740227?
4
What is the thousands digit of 10374793?
4
What is the hundreds digit of 1128400?
4
What is the hundreds digit of 514557?
5
What is the units digit of 3800133?
3
What is the units digit of 773779?
9
What is the hundred thousands digit of 1115271?
1
What is the units digit of 19158000?
0
What is the ten thousands digit of 345476?
4
What is the units digit of 766826?
6
What is the hundreds digit of 1735602?
6
What is the hundreds digit of 871359?
3
What is the hundred thousands digit of 239957?
2
What is the tens digit of 2794416?
1
What is the hundred thousands digit of 166357?
1
What is the hundreds digit of 96493?
4
What is the hundred thousands digit of 1235413?
2
What is the thousands digit of 911783?
1
What is the hundreds digit of 177220?
2
What is the units digit of 515077?
7
What is the thousands digit of 5623892?
3
What is the units digit of 112129?
9
What is the hundred thousands digit of 303809?
3
What is the hundreds digit of 17672122?
1
What is the tens digit of 366598?
9
What is the units digit of 89749?
9
What is the tens digit of 1230673?
7
What is the hundreds digit of 108069